{"id":7,"date":"2021-01-28T16:24:47","date_gmt":"2021-01-28T15:24:47","guid":{"rendered":"http:\/\/doc-chaine.fr\/?page_id=7"},"modified":"2021-01-28T16:24:47","modified_gmt":"2021-01-28T15:24:47","slug":"doc-chain%c9%99","status":"publish","type":"page","link":"https:\/\/doc-chaine.fr\/","title":{"rendered":"Doc chain[\u0259]"},"content":{"rendered":"\n<p class=\"has-text-align-center\">S\u00e9rie podcast d\u00e9di\u00e9e aux documentaires &#8211; Sortie Printemps 2021<\/p>\n\n\n\n<p><\/p>\n","protected":false},"excerpt":{"rendered":"<p>S\u00e9rie podcast d\u00e9di\u00e9e aux documentaires &#8211; Sortie Printemps 2021<\/p>\n","protected":false},"author":1,"featured_media":0,"parent":0,"menu_order":0,"comment_status":"closed","ping_status":"closed","template":"","meta":[],"_links":{"self":[{"href":"https:\/\/doc-chaine.fr\/index.php?rest_route=\/wp\/v2\/pages\/7"}],"collection":[{"href":"https:\/\/doc-chaine.fr\/index.php?rest_route=\/wp\/v2\/pages"}],"about":[{"href":"https:\/\/doc-chaine.fr\/index.php?rest_route=\/wp\/v2\/types\/page"}],"author":[{"embeddable":true,"href":"https:\/\/doc-chaine.fr\/index.php?rest_route=\/wp\/v2\/users\/1"}],"replies":[{"embeddable":true,"href":"https:\/\/doc-chaine.fr\/index.php?rest_route=%2Fwp%2Fv2%2Fcomments&post=7"}],"version-history":[{"count":2,"href":"https:\/\/doc-chaine.fr\/index.php?rest_route=\/wp\/v2\/pages\/7\/revisions"}],"predecessor-version":[{"id":34,"href":"https:\/\/doc-chaine.fr\/index.php?rest_route=\/wp\/v2\/pages\/7\/revisions\/34"}],"wp:attachment":[{"href":"https:\/\/doc-chaine.fr\/index.php?rest_route=%2Fwp%2Fv2%2Fmedia&parent=7"}],"curies":[{"name":"wp","href":"https:\/\/api.w.org\/{rel}","templated":true}]}}